mber?
False
Let d(h) = 29*h**3 + 6*h**2 + 17*h - 15. Let p be (-1 + 27/18)/((-2)/(-20)). Is d(p) composite?
True
Let n(l) = -48215*l + 188. Is n(-1) a prime number?
False
Let z(t) = 223*t**3 - 12*t**2 + 5*t + 44. Let n(f) = -56*f**3 + 3*f**2 - f - 11. Let j(p) = -9*n(p) - 2*z(p). Is j(4) a composite number?
False
Is 10/(-12) - (-222272875)/750 composite?
False
Suppose 3*h - 836 = -s, -2*h + 2552 = 3*s - 4*h. Let w = 474 - s. Let p = w + 2595. Is p a prime number?
True
Let q = -21 - -41. Let i be (-2 + 2)/(q/(-10)). Suppose g - 1308 = -3*g - 4*n, -3*g - 2*n + 985 = i. Is g prime?
True
Suppose 3*d = 2*j + 10422, -3*d + j + 5239 = -5186. Let c be (-4)/36 + (-494)/(-234). Suppose w + 13233 = 5*n - d, 0 = -n + c*w + 3349. Is n a composite number?
True
Let z(j) = j + 10. Suppose 5 = -17*p + 16*p. Let b be z(p). Is b*1/(5/1315) a composite number?
True
Suppose -2*v = 5*v + 21. Let i(j) = 57*j - 1. Let m(w) = -57*w. Let x(q) = v*m(q) - 4*i(q). Is x(-17) composite?
True
Let a(o) = o**2 - 8*o - 7. Let d be a(9). Let y(p) = -1212*p - 2. Let v be y(-7). Suppose d*w - v = -0*w. Is w prime?
True
Let v(f) = 6905*f**3 + 3*f**2 - 14*f + 35. Is v(2) prime?
True
Let d = -26173 + 41990. Is d a prime number?
True
Suppose 2*t - 2908 = -h, -4*h - 5*t + 0*t + 11632 = 0. Let n = h + -1593. Is n composite?
True
Let b be -114*(-1 + (-63)/14). Let s = b - -416. Is s prime?
False
Let x(t) = -3*t + 22. Let o(g) = -15*g + 111. Let f(p) = 5*o(p) - 24*x(p). Let y be f(11). Is (-12698)/y - (-20)/30 a composite number?
True
Suppose 7 = -o - 2*z + 1, -4*z - 6 = 5*o. Let v be (-4 - (-33)/6)/(o/2964). Suppose 0 = 3*n + n - 5*l - 8853, 0 = n + 2*l - v. Is n a composite number?
True
Is 4/(-19*(-28)/6976382) a prime number?
False
Let w(n) = n**2 - 5*n + 17. Let f be w(-9). Let h = f - -890. Suppose -2*s + h + 745 = 0. Is s a prime number?
False
Let c(r) be the third derivative of -131*r**4/2 - 121*r**3/6 - r**2 - 202. Is c(-6) a prime number?
True
Let w = 22711 + 164106. Is w prime?
False
Let t(b) = 2299*b**2 + 369*b - 1. Is t(6) a prime number?
True
Let q(f) = -f**3 + 91*f**2 - 74*f - 162. Is q(89) a prime number?
False
Suppose 0 = -746*q + 743*q + 738609. Is q prime?
True
Let v be (17 - 5)/4 + 1*-1. Suppose -4*d + 4894 = v*c - 9*d, -d + 12181 = 5*c. Is c composite?
False
Suppose 0 = -7*g + 6*g + 6. Suppose -4395 = -5*k + 2*p, 2*p = -2*k + g*p + 1774. Suppose 5*z + k - 4592 = 0. Is z a composite number?
False
Suppose 10*d - 1 = 29. Suppose d*l + 15*n = 14*n + 5795, 0 = 5*l + 4*n - 9663. Is l composite?
False
Suppose 22*c - 12*c + 1300 = 0. Let j = 829 - c. Is j a composite number?
True
Let k(h) = -24231*h**3 + h**2 + 2*h. Let l be k(-1). Is (l - 3)*(-16 + 17) composite?
True
Suppose 0 = 7*i - 18*i + 44. Suppose 3*a - 2*o = 14, i*a - 3*o - 24 = o. Is a prime?
True
Let s = 69 + -26. Let h = 114 - -62. Let g = h - s. Is g composite?
True
Suppose 0 = -5*s + 3*k + 6734 + 17386, -24120 = -5*s + 2*k. Let o = 13835 - s. Is o a composite number?
False
Suppose 4*i + 13 - 72 = -3*r, 0 = 5*i + 3*r - 73. Let k = -11 + i. Suppose 0 = k*c - 5*c + 1058. Is c prime?
False
Is ((-5)/2*(-78263928)/360)/(6/20) a prime number?
False
Let s(f) be the second derivative of 41*f**4/2 - f**3/6 - 3*f. Let u be s(-1). Let r = 666 - u. Is r composite?
False
Let i(k) = k**2 + 39*k + 126913. Is i(0) a composite number?
False
Is 55*46/115 + 284499 a prime number?
True
Let x be ((-42)/(-12))/(((-3)/2)/(-3)). Let g(d) = 383*d + 26. Is g(x) a prime number?
True
Suppose -9*o + 3732 = -5763. Let u = o - 570. Is u a prime number?
False
Suppose 2*t + 10054 = 2*o, 1962 = o + 2*t - 3068. Let d be 7/(42/o) + (1 - 0). Suppose d = 2*i + 25. Is i composite?
True
Suppose -449 = d - 144. Let i = d + 1108. Suppose 3*l - i = 2*j, 5*l - 967 = 4*j + 374. Is l composite?
True
Let y be 5/5 + 0*4/(-16). Is -5*y*(-3)/((-90)/(-1986)) a prime number?
True
Is (-98359)/(((-2)/3)/(-2 - 96/(-36))) prime?
False
Suppose 4*g + 280*d - 284*d = 61660, -5*g = -2*d - 77093. Is g a composite number?
True
Is (-13 + -9 + -187390)/(-4 + 2) a composite number?
True
Let b(n) = n**3 + 16*n**2 - 35*n + 21. Let i be b(-18). Suppose -13*v = -i*v - 5210. Is v composite?
False
Let b(c) be the first derivative of c**3/3 - 8*c**2 + 22*c - 3. Let t be 5 + 0 + (-140)/(-14) + 0. Is b(t) composite?
False
Let o(j) = -325*j - 857. Is o(-66) composite?
False
Let q(b) = 180204*b**3 - 8*b**2 + 14*b - 7. Is q(1) a composite number?
True
Suppose -3*a - 2*a + 165 = 0. Let j(z) = 7*z**2 - 184*z + 225. Let o be j(25). Suppose 4*t - 99 - a = o. Is t a prime number?
False
Suppose 205*g = 207*g + 9*t - 312351, -g - 3*t + 156168 = 0. Is g prime?
False
Let m = -32124 + 230357. Is m a composite number?
True
Suppose -280*l = -225*l - 16591465. Is l composite?
True
Suppose 9320*y - 18462045 = 9305*y. Is y a composite number?
True
Suppose -58423 = 25*s - 26*s - k, -k + 233692 = 4*s. Is s prime?
False
Suppose -12185 = -4*c + 5*y, -5*y + 4*y - 15205 = -5*c. Suppose -i - 4*k = 3*i - c, -766 = -i - 4*k. Is i composite?
True
Suppose 0 = -3*r - 3, 0 = 3*h + 3*r - 63168 - 87036. Is h prime?
True
Let v(h) = -5*h**3 - 2*h**2 - 23*h + 2. Let y be v(-7). Suppose 5*g + 3*l - 4439 = 0, -2*g + l + 0*l + y = 0. Is g a composite number?
True
Suppose -66*n + 61499 + 93765 = -508762. Is n a composite number?
False
Suppose -47*h + 2*y - 2514870 = -51*h, -h + 628735 = -2*y. Is h prime?
True
Let v(y) = y + 0*y + 3*y**2 + 0*y + 0*y - 32. Let r be v(6). Suppose 196 = 2*h - r. Is h prime?
True
Suppose 5*c - 5*r = 6225, -3*c - 17*r + 13*r = -3770. Let d = c - -909. Is d a composite number?
True
Let p(d) = d**3 + 6*d**2 - 5*d + 2. Suppose -5*c + 2*k = -3*k - 30, 2*c - 6 = -k. Let i be p(c). Is 4/(-1) + (i - (1 - 2)) composite?
False
Let r be -1593*1*-1 + 0/(-2). Let a = -920 + r. Is a a composite number?
False
Is 51452 + 5 + 0 + -7 + -5 prime?
False
Let q(u) = 75*u**2 + u + 1. Let y = 26 + -2. Suppose 2*h + 3*c - 1 + 17 = 0, 2*h + 5*c = -y. Is q(h) composite?
True
Let t(y) = -y**3 + 28*y**2 - 2*y + 82. Let l be 25 + 2 - 10/(0 - -2). Is t(l) a prime number?
False
Let p = -205 + 139. Let c be (p/4)/(-11)*(4 - 2). Suppose 2375 + 538 = c*j. Is j prime?
True
Suppose -89*i + 71*i - 53226 = 0. Let j = -804 - i. Is j a composite number?
False
Suppose -13*n = -30*n + 6987. Suppose 0 = -4*p - n + 20083. Is p a prime number?
False
Let s be (-9)/15 + 6/10. Suppose s*i = -4*i + 1808. Let g = 807 + i. Is g a composite number?
False
Let q = 7709 - 5465. Suppose 21*b + q = 33*b. Is b composite?
True
Suppose -2*v = -g - 2752, 5*g - v - 11017 = 9*g. Let t = 13463 - g. Is t a prime number?
True
Let u(b) = 192*b**3 - 8*b**2 - 39*b + 19. Let j(f) = 64*f**3 - 3*f**2 - 13*f + 7. Let x(y) = -8*j(y) + 3*u(y). Is x(4) a composite number?
True
Suppose -10*s + s + 9 = 0. Let m be (-21)/(-5) - s/5. Suppose -m*o + 3110 + 2286 = 0. Is o composite?
True
Suppose -y - 60 = -7*y. Suppose -y*i = 1137 - 7607. Is i composite?
False
Let m(s) = 3*s - 44. Let b be m(16). Let w be 1/(3/9*1). Suppose 0 = 5*y + b*l - 3501, -2107 = -w*y - 0*l - 4*l. Is y a composite number?
True
Let b(f) = -355*f + 219*f + 355 - 38. Is b(-14) composite?
False
Let a = -77192 - -184983. Is a composite?
False
Is 2 - -216948 - (-13)/((-455)/105) a prime number?
True
Let h(a) = a**3 + 5*a**2 - 9. Let b be h(-4). Is -10*((-16702)/4)/b prime?
False
Let d = 22332 - 10733. Is d composite?
True
Let a = 119904 + 48055. Is a prime?
False
Is 688805/15 - ((-7)/(-21) + -2) prime?
False
Let k(p) = 3*p**2 - 112*p - 184. Let c be k(39). Let f(t) be the first derivative of 29*t**2/2 - 26*t + 1. Is f(c) a composite number?
False
Let s(d) be the third derivative of d**5/3 + 7*d**4/8 - 7*d**3/6 - 5*d**2 + 12. Is s(4) a composite number?
False
Let o(w) = -477*w - 63. Let b be o(-11). Let j = b + -2251. Is j a prime number?
False
Let k(g) = -3*g**2 + 3*g - 4. Let y be k(4). Let j be y/(-32)*2/(-3)*-9726. Suppose -4*c = -4*n - j + 3285, -3*n - 1211 = -c. Is c a prime number?
False
Let v(q) = 1457*q**3 + q - 1. Let k(n) = 3*n + 14. Let u be k(-4). Let f be (-2 - -5) + -3 + u/2. Is v(f) a prime number?
False
Let x be 1/((-2)/8) - -3. Is (-1)/x*(-24753)/(-8 + 5) composite?
True
Let c = -27503 + 52292. Is c a composite number?
True
Suppose -197599 = -76*g + 48*g + 865029. Is g prime?
True
Suppose 